t of w?
7
Suppose 269 = 5*s - 1376. What is the tens digit of s?
2
Let c = 50 - 14. What is the units digit of 568/c + (-2)/(-9)?
6
Suppose 2142 + 1698 = 15*l. What is the units digit of l?
6
Suppose -8*r - 12 = -76. Suppose 22 = 5*c - r. What is the units digit of c?
6
Let z = -187 - -230. What is the tens digit of z?
4
Let f be ((-78)/(-52))/(-3*1/4). What is the tens digit of f/(-4)*(-1 + 2 + 139)?
7
Let o be 48/(-96)*3/(3/(-10)). Suppose 0 = 4*r + 2*d - 488, 0*d - 603 = -o*r + d. What is the tens digit of r?
2
Suppose 0 = 6*f - f - 20, -n + 604 = -4*f. Let k = n + -390. Suppose -4*a - a + k = 0. What is the tens digit of a?
4
Let h = 1137 - -68. What is the tens digit of h?
0
Suppose 2*x + 2 - 6 = 0. Suppose -4*b - 2 = -x*f, 3*f + f - 26 = -3*b. Suppose 0 = -3*n - f*i + 4*i + 65, -2*n = -2*i - 30. What is the units digit of n?
0
Let o be 6/(-2*1/2). What is the units digit of ((-3)/o)/(3/42)?
7
Suppose -5*m - 4881 = -29966. What is the hundreds digit of m?
0
Let q(g) = 8*g**2 - 10*g - 5. What is the tens digit of q(-11)?
7
Let b = 9 + -9. Suppose b = -t - 10 + 38. What is the units digit of (t/(-16))/((-3)/36)?
1
What is the units digit of 8/(-5 - 36267/(-7249))?
6
Suppose 65*u = 44*u + 2625. What is the units digit of u?
5
Suppose 40 = 5*s - s. Suppose 4*t - s = 3*t. What is the tens digit of t?
1
Let r(y) = -y**2 + 9*y - 8. Let v be r(8). Suppose -s - 4*s + 175 = v. What is the tens digit of s?
3
Suppose 20*m - 1421 = 1299. What is the hundreds digit of m?
1
Suppose 2*g - g = q - 1705, -6 = 2*g. What is the hundreds digit of q?
7
Let r(o) = 2257*o**2 + 22*o - 20. What is the hundreds digit of r(1)?
2
Let o(r) = 4 + 8 - 2 + 2*r + 9. Let g be (-13 - -5)/(2/2). What is the units digit of o(g)?
3
Let f(j) = 2*j**2 - 54*j + 302. What is the tens digit of f(35)?
6
Suppose -2*c = 4*y + 3680, 0 = -2*c - y + 1845 - 5510. What is the units digit of (3 - 2)/((-3)/c*5)?
2
What is the tens digit of 2 + (-1 - (-76*1 + 1))?
7
Let x = 12 + -1. Suppose -z = 9 - x. What is the units digit of z?
2
Let q = 16 + -32. Let v = q - -20. Suppose -v*n + n = -93. What is the units digit of n?
1
What is the units digit of ((2 - 20) + 13 + -14)/(-1)?
9
Let m be -97 - (2 - 0) - -3. Let i = 171 + m. What is the tens digit of i?
7
Let p = -268 - -1252. What is the hundreds digit of p?
9
Let m(b) be the second derivative of -b**4/12 + b**3/2 - b**2 + 8*b. Let v be m(-4). Let u = -24 - v. What is the units digit of u?
6
Let l(d) be the third derivative of -d**5/60 + d**4/12 + 5*d**3/6 + 11*d**2. Let w be l(0). Suppose 0 = w*k - 7*k + 42. What is the units digit of k?
1
Let j = -468 + 670. What is the hundreds digit of j?
2
Suppose -3*d = w - 7, -5*d + 2*w + 15 = 3*w. Suppose d*n = 103 + 45. Let a = 70 - n. What is the units digit of a?
3
Suppose -2*u + 222 = -2*a, 2*u + 6*a - 202 = 3*a. What is the hundreds digit of u?
1
Suppose 7*m - 3227 - 2863 = 0. What is the hundreds digit of m?
8
Suppose 3*y - 9327 + 2283 = 0. What is the tens digit of y?
4
Suppose 13 + 0 = 3*p + 2*q, 3*p - q = 7. Let b(s) = 2*s**3 + 2*s**2 - 4*s - 1. What is the units digit of b(p)?
9
Let l(f) = 51*f + 29. What is the units digit of l(7)?
6
Let b(j) = 26*j + 22. Let m be (-2 + -1)*1*(-9 + 6). What is the hundreds digit of b(m)?
2
Suppose 0 = 9*h - 45. Let y(o) = o**2 - 3*o + 9. What is the units digit of y(h)?
9
Let v(t) = 91*t**2. Let g be v(2). Suppose g = q + 6*q. What is the units digit of q?
2
Suppose -4*t - 2*t = -114. Let g = 13 - t. What is the units digit of -3*(-2)/g - -35?
4
Let y = -15 - -25. What is the units digit of y/(-35) + (-1614)/(-14)?
5
Suppose 6*k - b - 959 = 4*k, b = -4*k + 1927. What is the hundreds digit of k?
4
Suppose 19*c + 8 = 23*c, 2*g + 4*c = 1814. What is the units digit of g?
3
What is the thousands digit of (-4406)/(-4) + 38/(-76)?
1
Suppose -j = -4, 0 = -2*i - 3*j - 0*j + 4. Let y(x) = x**2 + 4*x. Let g be y(i). Suppose -p - p + 52 = g. What is the units digit of p?
6
Let b(s) = -4*s + 18. Let g(h) = -1. Let c(q) = -b(q) - 8*g(q). What is the tens digit of c(10)?
3
Suppose m = 335 + 42. What is the tens digit of m?
7
Let n(b) = -b**3 - 12*b**2 + 7*b + 27. What is the tens digit of n(-15)?
9
Let p(x) = 76*x**2 + 10*x + 37. What is the thousands digit of p(-7)?
3
Suppose -5756 = 277*g - 281*g. What is the tens digit of g?
3
Suppose -9*v + 5*v + g + 2887 = 0, 0 = 3*v - 5*g - 2161. What is the hundreds digit of v?
7
Suppose 5*b + z - 41 = 0, -z + 3 = 2*z. Let o = 6 + -17. Let u = b - o. What is the units digit of u?
9
Let i(v) be the first derivative of 15*v**2 + 12*v - 7. What is the tens digit of i(5)?
6
Let m(l) = 18*l**2 + 22*l - 22. What is the thousands digit of m(10)?
1
Let x = -329 - -700. What is the units digit of x?
1
Let q(z) be the second derivative of z**3/3 - z**2/2 - 8*z. What is the tens digit of q(11)?
2
Let v = 1868 + -1295. What is the tens digit of -2*(-1)/8 + v/12?
4
Let y = 18 + -17. Let x be 8*(-3)/6 - 5. What is the tens digit of 1 - y*(x - 3)?
1
Let q(s) = -6*s + 3. Let k(j) = -j**3 + 2*j**2 + 5*j - 3. Let v be k(3). Let t be q(v). What is the tens digit of ((-5)/t)/((-1)/(-57))?
1
Suppose i + 2*i + 104 = -j, -5*i - 188 = -2*j. What is the tens digit of ((-172)/6)/(24/i)?
4
Let u = 228 + 177. Let f = -260 + u. Suppose -i - 5*k = 4*i - f, 0 = -3*i - k + 85. What is the units digit of i?
8
Let d be (-6)/4*(31/(-3) - 1). Suppose 0 = w + d - 25. What is the units digit of w?
8
Let x(s) = -7*s**3 - 4*s**2 + 4. Suppose 2 - 12 = 5*u. What is the units digit of x(u)?
4
Suppose 65*q + 4884 = 69*q. What is the tens digit of q?
2
Suppose 0 = 5*q + 4*x + 25, -q - 11 = 5*x - 3*x. Let z be -8*q/(12/15). Let w = 12 - z. What is the units digit of w?
2
Let j(g) = -20*g - 19. Let n(v) = 10*v + 9. Let y(l) = 4*j(l) + 7*n(l). Let m be y(7). Let r = -33 - m. What is the units digit of r?
0
Let k(n) = 66*n**3 - n**2 + 3*n - 3. Let j be k(1). Suppose g - 10 = 2*z + z, -4 = 3*z - 4*g. Let w = z + j. What is the units digit of w?
1
Let q(r) = -r**3 - r**2 - r + 1. Let c be q(-2). Let y(w) = 3*w**2 - 16*w + 4. What is the units digit of y(c)?
9
Let l(o) = 26*o**2 - 773*o + 41. What is the tens digit of l(34)?
1
Suppose f + 2084 = x, -f + 5109 + 1163 = 3*x. What is the tens digit of x?
8
Let b(i) = -i + 28. Suppose -4*w - 5*s + 0*s - 2 = 0, 4*s = 2*w - 12. Suppose 0 = -q - w*q. What is the units digit of b(q)?
8
Let s = -31 - -43. Suppose -7*a + 3*a = -s. Suppose -a*c + 3*v = -63, 0*v = -v - 4. What is the units digit of c?
7
Let c(m) = m**3 + 16*m**2 - 24*m - 41. Let a be c(-17). What is the units digit of (a - -6) + (-2 - -2)?
4
Let n be 3/(-9)*-9 - 151. Let o = 212 + n. What is the tens digit of o?
6
Let y(o) be the third derivative of o**5/10 + o**4/24 + 3*o**2. Let h = 26 - 28. What is the units digit of y(h)?
2
Let y = 51 + -34. Suppose -15*t - 4 = -y*t. Suppose t*w - 40 = -0*w. What is the tens digit of w?
2
Let t = 5 - 1. Let j(i) = -i**3 + 6*i**2 + 7*i + 2. Let y be j(7). Suppose t = 6*b - y*b. What is the units digit of b?
1
Let y = -21 - -34. Suppose -2*o + y - 3 = 0. Let i(p) = 3*p - 7. What is the units digit of i(o)?
8
Let h(m) = -2*m**2 + 3*m + 14. Let s(d) = -5*d**2 + 9*d + 41. Let n(o) = -17*h(o) + 6*s(o). What is the hundreds digit of n(-7)?
1
Let v be 3/(-3)*-4*1. Suppose 3*b = 13 - v. Suppose -f + 2*y + 27 + b = 0, -4*f + y = -113. What is the units digit of f?
8
Suppose -i + 4*g + 77 = 0, -5*i + 4*g + 18 = -351. Suppose -x = -2*b + i, 2*b + 76 = 4*b - 4*x. What is the tens digit of b?
3
Suppose 7 = -5*w + 2. What is the tens digit of 67 + w + 5 + -6?
6
Suppose -2*o + 3*c + 772 = 0, c - 1504 = -4*o - 3*c. What is the hundreds digit of o?
3
What is the tens digit of -4 + (12 + -68)/(-2)?
2
Let u be (-25 + (1 - 5))*1. Let n = u - -53. What is the tens digit of n?
2
Let s = -126 + 126. Suppose s = 9*f - 751 - 1301. What is the tens digit of f?
2
Let n(o) = 12*o**2 - 12*o + 13. What is the hundreds digit of n(6)?
3
What is the units digit of 7748/(-5 + 4)*(-3)/6?
4
Let r(c) = -c - 18. Let l be r(-12). Let o(w) be the first derivative of w**4/4 + 3*w**3 + 7*w**2/2 - 4. What is the tens digit of o(l)?
6
Let r = 6 + -6. What is the units digit of (111 + r)*3/(-6)*-2?
1
Let a be 15/(-5) + 11 + 1. Let j be a*7/(42/20). Suppose 3*p - j = -2*l - 3*l, 0 